 f(13).
5
Let b(n) = n**2 + 28*n - 96. Determine b(-31).
-3
Let c(y) = -y**3 - 20*y**2 - 40*y - 7. Calculate c(-18).
65
Let a(q) = q**3 + 8*q**2 + 12*q + 38. What is a(-7)?
3
Let p(t) = t**2 + t - 28. Determine p(0).
-28
Let c(a) = -a**2 + 2. Calculate c(3).
-7
Let p(n) = 2*n**2 + 9*n + 7. What is p(-6)?
25
Let b(m) = 13*m + 68. Give b(4).
120
Let u(o) = 42*o. Give u(1).
42
Let p(j) = -j**2 + 10*j - 14. Calculate p(11).
-25
Let m(l) = -29*l - 14. Give m(-5).
131
Let w(j) = -j - 9. Determine w(-12).
3
Let g(o) = 2*o + 9. What is g(0)?
9
Let p(z) = -2*z**2 + 20*z - 2. Determine p(10).
-2
Let n(r) = 37*r - 75. Determine n(2).
-1
Let p(s) = 3*s**2 - s + 2. Give p(-2).
16
Let w(s) = 12*s - 422. What is w(34)?
-14
Let z(j) = -7*j - 88. Determine z(-13).
3
Let z(j) = j - 6. Determine z(1).
-5
Let b(x) = 50*x + 3. Calculate b(-1).
-47
Let n(t) = t - 2. What is n(1)?
-1
Let m(t) = 2*t**2 - 38*t - 11. What is m(20)?
29
Let j(d) = 2*d**3 - 5*d**2 - 4*d + 2. Calculate j(4).
34
Let n(l) = -l**2 - 8*l - 10. Determine n(-4).
6
Let n(x) = -4*x**2 - 132*x - 16. Calculate n(-33).
-16
Let k(n) = -n**3 + 7*n**2 + 36*n. Determine k(10).
60
Let i(m) = m**3 - 8*m**2 + 9*m + 7. Give i(7).
21
Let v(k) = -k - 14. Calculate v(-18).
4
Let l(t) = -t**3 - 13*t**2 - 12*t - 10. Determine l(-12).
-10
Let i(o) = -25*o + 55. Determine i(1).
30
Let q(f) = -f**3 + 2*f**2 + 10*f - 17. What is q(3)?
4
Let f(n) = n**3 + 3*n**2 - 10*n + 22. Give f(-5).
22
Let z(o) = -o**3 - 8*o**2 + 19*o - 7. What is z(-10)?
3
Let b(v) = -23*v**2 + 6*v - 1. Calculate b(-2).
-105
Let c(g) = -g**3 + g**2 + 4*g + 1. Determine c(3).
-5
Let r(p) = -2*p + 15. What is r(16)?
-17
Let x(j) = -j**3 + 5*j**2 - j - 3. What is x(4)?
9
Let m(l) = -3*l - 3. What is m(-5)?
12
Let i(m) = -m**3 - 9*m**2 + 33*m - 32. Give i(-12).
4
Let a(c) = -2*c + 63. Give a(27).
9
Let h(y) = 28*y + 1248. Give h(-45).
-12
Let d(v) = v**2 - 4*v - 82. Determine d(-7).
-5
Let x(u) = 27*u - 77. Calculate x(3).
4
Let l(c) = 41*c + 703. Determine l(-17).
6
Let i(k) = -k**2 + 297*k - 1743. Give i(6).
3
Let m(n) = -3*n**2 + 16*n + 32. Calculate m(-6).
-172
Let i(g) = -6*g - 3. Determine i(5).
-33
Let d(x) = 11*x + 296. Calculate d(-24).
32
Let s(x) = x**3 - 5*x**2 + 9*x - 11. Calculate s(3).
-2
Let i(o) = -30*o + 206. What is i(7)?
-4
Let k(r) = 2*r**2 + 72*r + 99. Calculate k(-35).
29
Let f(c) = 15*c**3 - 2*c**2 - 5*c - 3. Calculate f(-1).
-15
Let g(x) = -x - 2. Determine g(-8).
6
Let d(u) = -2*u**3 + 42*u**2 + 43*u + 13. Calculate d(22).
-9
Let n(j) = -4*j**3 + 4*j**2 + j - 1. Give n(-3).
140
Let g(k) = -k**3 - 12*k**2 - 14*k. Calculate g(-11).
33
Let o(q) = q**3 + 7*q**2 + 2*q - 19. Give o(-6).
5
Let l(j) = 10*j + 133. Calculate l(-13).
3
Let j(a) = -a**3 - 16*a**2 + 16*a - 20. What is j(-17)?
-3
Let f(m) = m**3 + 4*m**2 + 4*m + 2. Calculate f(-3).
-1
Let f(q) = q**2 + 3*q - 25. What is f(-10)?
45
Let b(y) = -y**2 + 2*y + 18. Determine b(6).
-6
Let x(b) = b**3 - b**2 + 2*b - 2. Determine x(3).
22
Let m(j) = -6*j + 76. What is m(18)?
-32
Let j(c) = -c**2 - 5*c + 30. Calculate j(-8).
6
Let a(r) = r**3 + 8*r**2 + 2*r. What is a(-6)?
60
Let l(k) = 6*k + 54. Give l(-5).
24
Let s(j) = 5*j - 20. Give s(4).
0
Let s(w) = -w**2 - 15*w + 21. Give s(-17).
-13
Let a(o) = -o**2 + 118. Give a(11).
-3
Let n(m) = -m + 49. Determine n(17).
32
Let k(w) = -4*w - 21. Give k(-6).
3
Let o(l) = -2*l**3 + 39*l**2 + 13*l - 8. What is o(20)?
-148
Let b(n) = n**2 - 9*n. Calculate b(8).
-8
Let p(i) = i**3 + 32*i**2 - 3*i - 97. Determine p(-32).
-1
Let n(x) = -20*x**3. Determine n(-1).
20
Let b(y) = -3*y**2 + 153*y + 143. Give b(52).
-13
Let p(d) = -28*d + 2. Calculate p(7).
-194
Let y(d) = -d**3 + 17*d**2 - 43*d + 13. Determine y(14).
-1
Let r(q) = 2*q + 2. Give r(5).
12
Let v(y) = 3*y + 39. What is v(-3)?
30
Let f(a) = -a**2 + 47*a + 258. Give f(52).
-2
Let u(v) = v**3 - 12*v**2 + 5*v + 20. What is u(11)?
-46
Let s(t) = t**2 - 4*t + 5. What is s(5)?
10
Let f(w) = w**2 + 14*w + 6. Determine f(-6).
-42
Let v(m) = -2*m**2 + 16*m + 4. What is v(9)?
-14
Let p(x) = -x**2 + x + 29. Determine p(7).
-13
Let r(a) = -3*a**3 + 3*a**2 - 3*a - 4. What is r(3)?
-67
Let d(q) = -q**3 + 6*q**2 - 23*q + 42. Calculate d(3).
0
Let s(d) = -17*d**2. Give s(1).
-17
Let a(x) = -2*x + 106. What is a(46)?
14
Let l(f) = -331*f - 1331. Determine l(-4).
-7
Let f(x) = x - 11. Determine f(0).
-11
Let g(j) = 4*j + 45. Determine g(-10).
5
Let o(h) = -47*h - 43. Determine o(-1).
4
Let d(y) = -y**3 + 5*y**2 - 2*y + 17. Determine d(5).
7
Let a(y) = y**2 - 15*y + 16. What is a(14)?
2
Let g(k) = k - 17. Give g(16).
-1
Let w(f) = -f - 11. Give w(-11).
0
Let h(r) = -3*r**2 - r + 3. What is h(-3)?
-21
Let h(g) = g**2 + 8*g - 75. Calculate h(-14).
9
Let r(h) = 3*h - 9. Calculate r(-2).
-15
Let c(i) = -15*i - 31. What is c(-1)?
-16
Let m(g) = -12*g**2 + 98*g - 21. Give m(8).
-5
Let y(w) = w**3 + 2*w**2 - 5*w - 2. Determine y(-3).
4
Let a(v) = v**2 - 4*v + 4. Give a(2).
0
Let b(w) = -10*w**2 - 25*w + 25. Determine b(1).
-10
Let p(t) = 9*t + 77. Determine p(-8).
5
Let m(j) = 16*j**2 + 1. Determine m(2).
65
Let g(a) = -a**3 - 9*a**2 - 8*a - 7. What is g(-8)?
-7
Let i(w) = -w**3 - 6*w**2 - 2*w - 3. What is i(-6)?
9
Let d(f) = -f**2 - 8*f - 11. Calculate d(-6).
1
Let w(g) = 9*g + 101. Give w(-12).
-7
Let m(i) = -i**2 - 6*i - 7. Calculate m(-3).
2
Let k(y) = -7*y**2 - y - 1. Give k(3).
-67
Let k(c) = c**3 + 6*c**2 + 11*c. Calculate k(-3).
-6
Let r(i) = i - 60. Calculate r(55).
-5
Let d(t) = -4*t**3 + 2*t**2 - 4*t + 2. What is d(1)?
-4
Let b(r) = 2*r - 13. Determine b(2).
-9
Let a(l) = 140*l - 4. Give a(-1).
-144
Let s(x) = 2*x - 2. Give s(-2).
-6
Let h(c) = c**3 + 9*c**2 + 2*c + 24. Determine h(-9).
6
Let s(t) = -28*t - 288. Determine s(-10).
-8
Let v(a) = a**3 - 7*a**2 - a + 1. Give v(7).
-6
Let u(d) = 4*d + 37. Determine u(-11).
-7
Let g(x) = x**2 + 9*x + 5. Determine g(-4).
-15
Let g(l) = 5*l - 4. Calculate g(-2).
-14
Let d(i) = -7*i**2 - 13*i + 14. What is d(1)?
-6
Let o(h) = -h**2 - h + 6. What is o(2)?
0
Let x(q) = -4*q + 19. Give x(8).
-13
Let p(f) = f**3 + 8*f**2 + 15*f - 7. Determine p(-7).
-63
Let v(n) = -n**3 - 4*n**2 - 6. Calculate v(-4).
-6
Let l(t) = -t**2 + 7*t - 6. What is l(6)?
0
Let z(g) = g**3 - 6*g**2 - 4*g - 7. Determine z(7).
14
Let x(u) = u**3 + 6*u**2 - 4*u + 4. Give x(-7).
-17
Let v(u) = -4*u - 150. Calculate v(-29).
-34
Let t(i) = -3*i - 18. What is t(7)?
-39
Let i(v) = 3*v - 3. Calculate i(-3).
-12
Let c(j) = j**3 + j**2 + 116. Determine c(0).
116
Let g(y) = 10*y - 76. What is g(7)?
-6
Let x(l) = 2*l**3 + 40*l**2 - 46*l - 84. Give x(-21).
0
Let y(j) = -3*j + 68. What is y(23)?
-1
Let x(w) = -38*w - 388. What is x(-10)?
-8
Let a(g) = -g - 2. Give a(5).
-7
Let c(l) = 66*l + 706. What is c(-11)?
-20
Let c(j) = j**3 - 11*j**2 + 34*j + 20. What is c(6)?
44
Let i(x) = 7*x - 11. What is i(5)?
24
Let w(l) = l**3 + 3*l**2 - 11*l - 6. What is w(-5)?
-1
Let c(o) = -30*o + 460. Calculate c(15).
10
Let y(t) = 4*t + 23. What is y(-3)?
11
Let j(y) = -2*y**3 - 4*y**2 - 9*y - 19. What is j(-3)?
26
Let i(y) = 30*y + 90. What is i(-3)?
0
Let t(j) = -3*j**2 - 24*j + 15. What is t(-9)?
-12
Let m(v) = -41*v**2 - v - 1. Give m(-1).
-41
Let v(q) = -8*q + 11. Calculate v(-3).
35
Let h(w) = -w**2 - 7*w - 9. Determine h(-4).
3
Let d(h) = -3*h + 20. What is d(14)?
-22
Let q(o) = o**3 - o**2 - 3*o - 40. What is q(0)?
-40
Let n(y) = y**3 + y**2 + y + 3. What is n(0)?
3
Let k(a) = a**2 - 2. What is k(-6)?
34
Let q(a) = -a**3 + 2*a**2 + 4*a - 1. Calculate q(-2).
7
Let n(b) = b**3 - 7*b**2 - 7*b + 5. Calculate n(8).
13
Let b(t) = -t**2 - 8*t + 3. Determine b(-10).
-17
Let n(i) = -i**3 + 11*i**2 + 4*i - 36. Calculate n(11).
8
Let o(a) = a**3 + 36*a**2 + a + 35. Calculate o(-36).
-1
Let c(k) = k**2 + 5*k - 25. Give c(-9).
11
Let q(d) = -d**3 + 3*d**2 - 2*d - 4. Determine q(3).
-10
Let i(x) = x**3 - 3*x**2 - 4. What is i(-3)?
-58
Let u(i) = 3*i - 1. What is u(2)?
5
Let z(d) = -d**2 + 7*d - 3. Calculate z(5).
7
Let s(w) = -w**3 + 8*w**2 + 3*w - 19. What is s(9)?
-73
Let n(m) = -m**3 + 33*m**2 - 69*m + 211. Give n(31).
-6
Let z(o) = o**2 - 3*o - 10. What is z(6)?
8
Let y(g) = -g**3 + 5*g**2 + 2*g - 3. Determine y(4).
21
Let k(y) = -y**3 + 7*y**2 - 6*y - 12. Give k(7).
-54
Let r(x) = x**3 + 14*x**2 - 36*x - 19. What is r(